7
What is the greatest common factor of 108 and 476988?
12
Calculate the highest common factor of 98 and 3288047.
49
What is the highest common factor of 120120801 and 258?
129
What is the highest common factor of 28671 and 23997?
57
Calculate the highest common divisor of 264 and 68358873.
33
Calculate the greatest common factor of 31017181 and 3874.
1937
Calculate the greatest common factor of 88593429 and 444.
111
What is the greatest common divisor of 37192363 and 13468?
481
Calculate the highest common divisor of 103907304 and 120.
24
What is the greatest common factor of 67942 and 6116390?
322
What is the greatest common factor of 48841077 and 19?
19
Calculate the greatest common factor of 1480 and 134053220.
740
Calculate the highest common factor of 305 and 38020.
5
Calculate the greatest common divisor of 1279397 and 115534.
947
What is the greatest common factor of 38801140 and 140?
140
What is the highest common factor of 1297068 and 7056?
12
What is the greatest common factor of 234 and 33956780?
26
What is the highest common factor of 214759890 and 452?
226
What is the greatest common factor of 9840 and 8322672?
1968
What is the greatest common factor of 775 and 1186556?
31
What is the greatest common factor of 47082 and 3268482?
2478
Calculate the highest common factor of 148794853 and 667.
29
Calculate the highest common factor of 13632 and 935922.
426
Calculate the greatest common factor of 3812676 and 168.
84
What is the greatest common factor of 91206 and 65129529?
1689
What is the highest common factor of 40173 and 158742653?
1913
Calculate the greatest common factor of 146 and 3593.
1
What is the highest common factor of 20811664 and 1612?
124
What is the greatest common factor of 3438 and 9766403?
191
Calculate the highest common divisor of 2607 and 3355473.
33
Calculate the greatest common divisor of 12973647 and 3984.
249
Calculate the highest common factor of 154 and 25260642.
22
What is the greatest common divisor of 554 and 3812326?
2
Calculate the highest common factor of 1004 and 11628830.
502
What is the greatest common factor of 10365865 and 25?
5
Calculate the greatest common factor of 3834 and 8436504.
426
Calculate the highest common factor of 3576704 and 1712.
16
What is the highest common factor of 2480 and 20066576?
16
What is the greatest common divisor of 20493 and 2112?
33
What is the greatest common divisor of 15104318 and 656?
82
What is the greatest common divisor of 648071182 and 22?
22
What is the highest common factor of 632006207 and 11222?
5611
Calculate the highest common divisor of 550732 and 18384548.
6188
What is the highest common factor of 56013428 and 4?
4
Calculate the highest common factor of 95216 and 737.
11
What is the greatest common factor of 3842410 and 8060?
130
Calculate the greatest common divisor of 1298 and 6335956.
22
Calculate the greatest common divisor of 9 and 441682596.
9
Calculate the highest common divisor of 147 and 28324401.
147
What is the highest common divisor of 14696 and 21736?
88
Calculate the highest common factor of 175 and 31675825.
25
Calculate the highest common factor of 12558 and 417450.
138
Calculate the greatest common divisor of 1960 and 18433016.
392
Calculate the highest common factor of 11859 and 3862494.
177
What is the greatest common factor of 473592 and 1212170?
5638
What is the greatest common factor of 143869 and 1828189?
3509
Calculate the highest common divisor of 1 and 507659.
1
Calculate the greatest common factor of 325448 and 753795.
2393
What is the highest common factor of 81081 and 302328936?
7371
Calculate the highest common divisor of 1161396 and 9.
9
What is the highest common factor of 60724 and 14193436?
3196
What is the greatest common divisor of 334077 and 2869?
19
What is the greatest common divisor of 16100061 and 47767?
1291
What is the highest common divisor of 358320 and 53880?
120
What is the highest common divisor of 8666192 and 633?
211
What is the highest common factor of 14471464 and 304?
152
What is the greatest common divisor of 174967 and 37873?
313
What is the highest common divisor of 2627340 and 3680?
20
Calculate the greatest common factor of 189 and 39356415.
189
What is the highest common factor of 24640 and 82434?
22
Calculate the highest common factor of 10045 and 63067963.
287
What is the greatest common factor of 1825 and 53205200?
25
Calculate the highest common factor of 30464 and 88604.
68
Calculate the greatest common factor of 103750 and 191315.
415
What is the highest common factor of 58222 and 2083806?
1354
Calculate the greatest common divisor of 765927495 and 9.
9
Calculate the greatest common factor of 167352 and 99548016.
8808
Calculate the greatest common factor of 9747 and 76941108.
171
Calculate the greatest common factor of 170486808 and 20.
4
What is the highest common factor of 5882 and 156298?
34
What is the greatest common factor of 51230 and 64078484?
10246
Calculate the highest common factor of 6448 and 236871.
31
What is the highest common factor of 2923 and 81762709?
79
What is the greatest common divisor of 449656012 and 39?
13
What is the highest common factor of 4 and 9564349?
1
Calculate the highest common factor of 254232 and 227910.
642
Calculate the highest common factor of 47059530 and 1120.
70
What is the greatest common divisor of 11477 and 352567?
23
Calculate the highest common divisor of 864653414 and 1432.
358
Calculate the greatest common divisor of 2288 and 12869558.
26
What is the greatest common divisor of 7161892 and 236?
236
What is the highest common factor of 6 and 703488?
6
What is the highest common factor of 1406750 and 2365125?
2125
Calculate the highest common divisor of 85788144 and 1872.
1872
Calculate the highest common divisor of 91355 and 66187.
121
Calculate the greatest common divisor of 332447227 and 2716.
679
Calculate the highest common factor of 72328578 and 1108.
554
What is the greatest common factor of 7684 and 494036?
452
What is the greatest common divisor of 593145 and 4802?
49
What is the highest common factor of 3058 and 2759933?
11
What is the highest common factor of 2508300 and 258?
6
Calculate the highest common divisor of 1151086 and 8534.
502
Calculate the highest common factor of 36 and 19476204.
12
Calculate the greatest common divisor of 457 and 63902767.
457
Calculate the highest common divisor of 10588288 and 16.
16
What is the greatest common divisor of 8754283 and 713?
23
Calculate the highest common divisor of 123727956 and 649.
649
Calculate the highest common divisor of 6446394 and 9.
9
Calculate the highest common divisor of 52412 and 26444.
4
What is the greatest common factor of 8811 and 21965031?
99
What is the greatest common divisor of 843429361 and 19?
19
Calculate the highest common divisor of 9175660 and 60.
20
Calculate the highest common divisor of 47937 and 874437.
1653
Calculate the greatest common divisor of 1330596 and 9.
9
What is the greatest common factor of 910525 and 1251859?
301
Calculate the highest common divisor of 80383780 and 7380.
820
Calculate the greatest common divisor of 22748 and 2075614.
94
What is the highest common factor of 94050 and 4782756?
1254
Calculate the greatest common divisor of 68880 and 1704.
24
Calculate the highest common factor of 238200 and 9243748.
1588
Calculate the highest common divisor of 7122 and 79110.
6
Calculate the greatest common divisor of 21882881 and 1345.
269
Calculate the greatest common factor of 6280384 and 9152.
704
What is the highest common factor of 105790 and 1174?
2
What is the highest common factor of 877492 and 10703952?
7252
Calculate the highest common divisor of 41586165 and 13005.
765
What is the highest common factor of 99801 and 3533979?
2559
What is the greatest common factor of 575107 and 326688?
3403
Calculate the greatest common divisor of 200007 and 21986685.
2817
Calculate the highest common divisor of 637214501 and 231.
77
What is the greatest common factor of 9567 and 1123591?
1063
Calculate the greatest common factor of 1622055 and 20400.
255
What is the greatest common divisor of 32061494 and 46?
46
What is the greatest common factor of 258 and 7756899?
129
Calculate the highest common factor of 7999296 and 960.
192
What is t